 = b**2 - 1650*b + 651075. Calculate i(653).
34
Let h(i) = -43*i**3 + 3*i**2 - 6*i - 2. Give h(3).
-1154
Let p(h) = -41*h**3 + 736*h**2 + 37*h - 15. What is p(18)?
3
Let v(g) = 635*g**2 + 49*g. Calculate v(1).
684
Let x(t) = 47*t + 3967. Determine x(-74).
489
Let i(b) = 3981*b - 8261. Give i(2).
-299
Let w(l) = l**3 - 55*l**2 + 184*l + 1053. Give w(51).
33
Let f(l) = l**3 + 90*l**2 + 1850*l + 1236. Give f(-59).
-3
Let y(r) = -16*r**2 - 630*r - 4278. What is y(-16)?
1706
Let b(z) = 6630*z + 86362. Determine b(-13).
172
Let m(g) = 256*g**3 + 7*g**2 - 71*g + 73. Determine m(1).
265
Let u(c) = c**3 + 792*c**2 + 152725*c + 2264. Calculate u(-460).
-36
Let h(x) = -216*x - 1450. Determine h(-9).
494
Let u(n) = 172*n**2 + 7790*n - 13814. Determine u(-47).
4
Let q(x) = -1903*x - 62717. What is q(-33)?
82
Let q(b) = 2203*b - 79285. Determine q(36).
23
Let f(r) = r**2 + 29726*r - 237939. Calculate f(8).
-67
Let h(f) = -6897*f - 6393543. Determine h(-927).
-24
Let d(p) = p**3 - 9*p**2 + 52505*p - 948037. Calculate d(18).
-31
Let s(w) = 876*w - 14019. Calculate s(16).
-3
Let m(v) = -2*v**3 + 38*v**2 + 146*v - 2985. Calculate m(16).
887
Let s(d) = -1901*d + 112217. Give s(59).
58
Let p(o) = o**2 + 685*o - 6244. Determine p(9).
2
Let m(c) = c**2 - 4*c - 83508. Calculate m(291).
9
Let a(k) = 31*k**2 + 1876*k - 4986. What is a(-63)?
-135
Let m(l) = 281764*l - 845470. What is m(3)?
-178
Let k(b) = 62*b - 675. Calculate k(6).
-303
Let f(i) = 510*i + 4749. Determine f(-6).
1689
Let p(j) = -3*j**3 + 113*j**2 - 639*j + 12551. Determine p(35).
-14
Let h(c) = 75*c**3 + 65*c**2 - 18*c - 13. Determine h(-1).
-5
Let v(q) = 6*q**2 - 149*q + 844. Calculate v(5).
249
Let m(s) = -2*s**3 - 4*s**2 + 58*s - 16. Calculate m(7).
-492
Let x(y) = -45*y**3 + 3*y**2 - 2*y + 19. Calculate x(3).
-1175
Let l(k) = -2458*k - 10070. What is l(-4)?
-238
Let r(w) = 430*w**2 - 5209*w + 637. Give r(12).
49
Let h(j) = -1282*j - 8937. Calculate h(-7).
37
Let v(p) = -26834*p + 268336. Calculate v(10).
-4
Let j(i) = i**3 + 6*i**2 - 134*i - 796. Give j(-6).
8
Let x(q) = 1212*q**2 - 41198*q - 346. What is x(34)?
-6
Let p(l) = -761*l - 86657. Calculate p(-113).
-664
Let a(i) = i**2 + 918*i + 7091. Determine a(-8).
-189
Let j(w) = -w**3 + 8*w**2 - 2*w + 120. What is j(0)?
120
Let r(c) = -c**3 - 30*c**2 - 237*c - 288. What is r(-11)?
20
Let g(i) = 52469*i + 891973. Calculate g(-17).
0
Let a(p) = 1851*p**2 - 127718*p - 112. Determine a(69).
-43
Let b(y) = 284*y - 9065. Determine b(31).
-261
Let f(h) = -8*h**2 - 182*h + 447. Calculate f(-25).
-3
Let f(g) = -g**3 + 228*g**2 + 60998*g - 3875. Determine f(386).
-15
Let c(g) = -41957*g + 545466. Calculate c(13).
25
Let o(v) = -v**2 - 19*v - 59. What is o(-12)?
25
Let r(j) = 6*j**2 - 10184*j - 81867. Determine r(-8).
-11
Let d(i) = -3*i**3 - 1212*i**2 - 1215*i - 57. Determine d(-403).
2361
Let o(z) = 2*z**2 - 45*z - 452. What is o(-6)?
-110
Let f(q) = -q**3 - 32*q**2 + 184*q + 4827. Give f(-31).
-1838
Let d(r) = r**3 + 36*r**2 - 1119*r - 38333. Determine d(-40).
27
Let g(t) = t**3 - 214*t**2 - 83522*t + 17873703. Determine g(214).
-5
Let c(z) = -543533*z - 1087070. Calculate c(-2).
-4
Let q(b) = 9*b**3 + 16*b**2 - 75*b - 36. Give q(5).
1114
Let i(d) = -d**3 - 13*d**2 + 484*d - 643. Determine i(-30).
137
Let p(i) = 558*i**2 + 69*i + 69. What is p(-1)?
558
Let u(j) = -j**3 - 60*j**2 - 735*j - 168. Give u(-43).
4
Let r(z) = -z**3 - 118*z**2 + 51*z + 6026. Give r(-118).
8
Let h(k) = -10199*k + 40813. Determine h(4).
17
Let g(c) = -c**3 - 10*c**2 - 1266*c - 7645. What is g(-6)?
-193
Let z(d) = d**3 - 196*d**2 - 2487*d - 1713. Calculate z(208).
159
Let g(c) = -143*c + 5375. Give g(38).
-59
Let n(q) = -6*q**2 + 91094*q + 546785. What is n(-6)?
5
Let m(l) = 46*l**2 - 900*l + 4436. What is m(10)?
36
Let y(n) = 2*n**3 + 10*n**2 - 888*n - 8085. Give y(-9).
-741
Let b(n) = -799540*n - 3198171. What is b(-4)?
-11
Let m(o) = o**3 + 2264*o**2 - 15740*o + 356538. Calculate m(-2271).
-9
Let m(v) = -5*v**2 + 1486*v - 77285. Determine m(230).
-5
Let q(b) = 2189*b - 26315. Give q(12).
-47
Let f(y) = -y**3 - 28*y**2 + 2014*y + 55063. Calculate f(-27).
-44
Let y(b) = 202*b**2 + 1981*b - 7905. Calculate y(4).
3251
Let u(n) = 2840*n - 17043. Determine u(6).
-3
Let h(r) = r**3 + 93*r**2 + 381*r - 244. Determine h(-5).
51
Let v(q) = -268*q - 40361. Calculate v(-151).
107
Let z(j) = -5*j**2 + 2043*j + 8032. Give z(-4).
-220
Let w(h) = 27*h + 4342. Determine w(-190).
-788
Let u(v) = 29*v**2 + 4249*v + 108624. Calculate u(-33).
-12
Let o(l) = 144*l**2 + 56036*l + 7780. Give o(-389).
0
Let l(c) = -8*c**3 + 16*c**2 - 26*c - 97. Calculate l(-5).
1433
Let b(g) = 7*g**3 + 53*g**2 + 284*g + 1337. Calculate b(-6).
29
Let m(d) = d**2 + 8314*d + 24937. Determine m(-3).
4
Let r(u) = -3*u**2 + 1927*u - 11574. Calculate r(6).
-120
Let n(z) = -54*z - 499. What is n(-30)?
1121
Let n(q) = 14*q**2 + 193*q + 125. Determine n(-18).
1187
Let l(a) = -7792*a + 841497. Calculate l(108).
-39
Let a(f) = -13*f**3 + 12*f**2 - 29*f + 12. Give a(4).
-744
Let g(y) = 3*y**2 + 24*y - 490. Determine g(10).
50
Let p(f) = 1516*f - 210730. Calculate p(139).
-6
Let a(q) = 2614*q - 5213. Determine a(2).
15
Let r(x) = -x**2 + 34*x + 1825. What is r(-30)?
-95
Let p(d) = d**3 - 107*d**2 - 816*d + 2052. What is p(114)?
0
Let w(n) = -26*n**3 + 2704*n**2 - 11*n + 1142. What is w(104)?
-2
Let x(q) = -2*q**3 - 134*q**2 + 9*q + 541. Calculate x(-67).
-62
Let i(n) = -1242*n + 619719. Determine i(499).
-39
Let m(h) = -44*h + 6237. Determine m(141).
33
Let f(o) = 4809*o - 57404. What is f(12)?
304
Let b(g) = 2*g**2 - 151*g - 73374. Determine b(233).
21
Let l(s) = s**3 - 209*s**2 - 671*s + 7744. What is l(212)?
324
Let x(c) = -c**3 + 18*c**2 + 137*c - 201. Give x(-7).
65
Let y(f) = -144*f + 46215. Determine y(320).
135
Let g(r) = 19*r**3 + 611*r**2 + 3062*r + 31. What is g(-5)?
-2379
Let f(m) = -m**2 + 539*m - 8386. What is f(16)?
-18
Let h(v) = 5*v**2 - 85*v + 261. Determine h(17).
261
Let n(r) = 25*r**2 + 324*r + 1604. Determine n(-5).
609
Let g(p) = p**2 - 324*p + 26320. What is g(162)?
76
Let h(m) = -6886*m + 702392. What is h(102)?
20
Let t(o) = -3975*o + 7839. Determine t(2).
-111
Let f(i) = -5299*i**2 - 137856*i - 2137. Calculate f(-26).
-5
Let h(n) = -517*n + 5499. Calculate h(12).
-705
Let g(w) = 54124*w + 920118. Give g(-17).
10
Let s(o) = 127*o**2 + 6035*o + 8879. Give s(-46).
1
Let d(c) = 5*c**3 - 11*c**2 - 228*c + 781. Give d(5).
-9
Let n(c) = c**2 - 69240*c - 623254. Calculate n(-9).
-13
Let t(l) = l**3 - 97*l**2 - 2486*l + 192389. Give t(103).
-15
Let x(u) = -431*u**2 + 9492*u - 163. Calculate x(22).
57
Let t(q) = -3*q**2 - 128*q + 54790. Give t(-158).
122
Let f(x) = 44*x**3 - 45*x**2 - 8*x - 4. What is f(4)?
2060
Let q(s) = -3325*s - 246053. Give q(-74).
-3
Let c(s) = -2*s**3 - 19*s**2 - 227*s - 4139. Give c(-13).
-5
Let y(h) = h**3 + 39*h**2 + 141*h + 87. Determine y(-35).
52
Let m(g) = g**2 - 252*g + 6391. What is m(29)?
-76
Let b(t) = 110*t**3 - 183*t**2 + 181*t + 2. What is b(1)?
110
Let z(m) = 2510*m + 868466. Give z(-346).
6
Let v(n) = -236*n + 2151. What is v(4)?
1207
Let k(p) = p**3 - 45*p**2 - 432*p - 221. Calculate k(53).
-645
Let k(b) = 563*b**3 - 60*b**2 + b + 1. Give k(2).
4267
Let i(f) = f**3 + 102*f**2 + 2313*f - 9. Determine i(-34).
-43
Let l(f) = 213*f + 2299. Determine l(-12).
-257
Let n(r) = -98*r**3 + 249*r**2 - 6*r - 3. Calculate n(-1).
350
Let m(c) = c**2 - 210*c + 5210. Calculate m(43).
-1971
Let t(b) = 39*b**2 - 928*b - 34. What is t(24)?
158
Let l(c) = 602*c - 5740. Calculate l(10).
280
Let t(q) = q**3 - 82*q**2 + 556*q + 153. Give t(8).
-135
Let o(d) = 2*d**3 + 37*d**2 - 696*d + 93. What is o(-30)?
273
Let z(q) = -q**3 - 150*q**2 + 317*q + 1975. What is z(-152)?
-1
Let l(r) = 3*r**3 - 62*r**2 + 191*r - 23. Give l(17).
45
Let o(j) = 13*j**2 + 794*j + 701. Give o(-61).
640
Let j(q) = -60*q**3 - 30*q**2 + 46*q + 50. Determine j(2).
-458
Let a(j) = -4*j**3 + 5*j**2 + 2026*j + 4044. Calculate a(-2).
44
Let j(b) = -b**2 + 3905*b - 39050. Determine j(10).
-100
Let d(g) = 28*g**2 + 166*g + 577. What is d(-5)?
447
Let i(r) = -2*r**2 + 1587*r - 204. Determine i(0).
-204
Let k(x) = -316*x - 10026. What is k(-31)?
-230
Let j(n) = -n**2 + 12*n + 66. Determine j(-18).
-474
Let s(g) = 15*g**3 + 530*g**2 